*j - 4928. Calculate p(-112).
0
Let o(g) = 346*g - 5189. Calculate o(15).
1
Let w(m) = m - 42. Determine w(8).
-34
Let y(p) = 80*p + 1371. What is y(-17)?
11
Let a(q) = -2378*q - 206885. Determine a(-87).
1
Let u(x) = -3*x**2 + 915*x + 4575. Determine u(-5).
-75
Let v(m) = 4*m**2 - 109*m - 164. What is v(27)?
-191
Let p(a) = 1593*a + 6376. What is p(-4)?
4
Let v(f) = -121*f - 3493. What is v(-28)?
-105
Let v(g) = -g**2 + 12*g + 37. What is v(12)?
37
Let k(d) = -d**3 - 12*d**2 - 29*d - 26. Calculate k(-5).
-56
Let s(x) = 2030*x**2 + 18274*x + 19. What is s(-9)?
-17
Let z(g) = 4*g**2 - 1027*g + 1027. Calculate z(1).
4
Let m(j) = -347*j + 331. Calculate m(1).
-16
Let a(k) = -k**3 + 19*k**2 + 6*k - 91. Calculate a(19).
23
Let w(z) = -z**2 - 32*z + 490. Calculate w(-45).
-95
Let z(v) = -492*v + 15744. Calculate z(32).
0
Let f(o) = o**2 + 162*o - 3230. Calculate f(18).
10
Let v(f) = -204*f - 3685. What is v(-18)?
-13
Let s(t) = -2*t**3 + 4*t**2 - 33*t + 113. Calculate s(3).
-4
Let r(w) = -3*w**3 - 79*w**2 - 23*w - 36. Give r(-26).
-114
Let h(q) = -q**3 + 50*q**2 + 84*q + 1020. Calculate h(52).
-20
Let j(k) = -88*k**2 + k + 3. What is j(-1)?
-86
Let p(s) = -3*s**3 + 50*s**2 + 24*s + 23. What is p(17)?
142
Let u(r) = -2*r**2 - 32*r + 4. Determine u(-7).
130
Let h(f) = 2*f**3 + 2*f**2 - 8*f + 17. What is h(2)?
25
Let n(u) = -59*u + 167. Calculate n(3).
-10
Let m(y) = -y**2 - 31*y - 75. Give m(-26).
55
Let q(c) = -c**3 - 33*c**2 - 95*c + 598. Calculate q(-29).
-11
Let s(g) = 60*g - 383. Calculate s(6).
-23
Let b(r) = -8*r**2 + 5*r - 6. What is b(1)?
-9
Let i(w) = -w**3 - 4*w**2 + 40*w + 165. Give i(-6).
-3
Let n(s) = 2*s**2 - 28*s - 9. Determine n(-12).
615
Let v(i) = 3*i**2 - 33*i + 91. Give v(5).
1
Let f(o) = o**2 - 269*o - 3661. Calculate f(-13).
5
Let d(b) = -3*b**2 + 33*b - 100. Give d(4).
-16
Let r(n) = 25*n**3 + n**2 + 8*n + 7. What is r(-1)?
-25
Let x(b) = -8*b**2 + 457*b - 509. Give x(56).
-5
Let s(b) = -b**3 + 72*b**2 + 288*b + 1204. Calculate s(76).
-12
Let z(o) = 9*o**2 + 125*o - 14. What is z(-14)?
0
Let t(r) = -2*r**3 - 39*r**2 + 69*r + 972. Give t(-20).
-8
Let h(j) = 2566*j - 12836. Give h(5).
-6
Let c(g) = 63*g - 5413. What is c(90)?
257
Let g(u) = -224*u + 892. Give g(4).
-4
Let o(r) = -2*r**2 + 466*r + 1898. What is o(-4)?
2
Let v(r) = -3*r**2 + 7*r + 4. Calculate v(3).
-2
Let h(q) = q**2 - 37*q - 69. Determine h(25).
-369
Let c(r) = -276*r + 1658. Calculate c(6).
2
Let m(c) = -112*c - 11091. Calculate m(-99).
-3
Let d(h) = -h**3 - 104*h**2 + 210*h - 209. What is d(-106)?
3
Let s(p) = 9*p**3 - 30*p**2 - 24*p - 6. Determine s(4).
-6
Let s(l) = 197*l + 16885. Give s(-86).
-57
Let h(u) = u**3 + 35*u**2 - 106*u + 307. What is h(-38)?
3
Let u(n) = n**2 - 39*n - 8. Determine u(0).
-8
Let y(d) = -6*d**3 - 5*d**2 - 4*d - 10. Determine y(-4).
310
Let t(c) = -101*c**3 + 3*c**2 - 15*c + 11. Calculate t(1).
-102
Let p(r) = -20*r**2 - 71*r + 28. What is p(-4)?
-8
Let x(f) = 68*f - 6925. Determine x(103).
79
Let g(b) = 33*b + 301. What is g(-16)?
-227
Let m(v) = 25*v - 98. Give m(7).
77
Let u(a) = 1681*a - 26897. Determine u(16).
-1
Let q(a) = -116*a - 250. Give q(-4).
214
Let w(s) = -s**3 + 122*s**2 - 469*s - 399. Calculate w(118).
-45
Let a(o) = 5*o**2 + 119*o + 58. Determine a(-19).
-398
Let h(d) = -519*d - 509. Give h(-1).
10
Let q(h) = h**3 + 85*h**2 - 204*h - 2598. What is q(-87)?
12
Let s(d) = 78*d**2 + 219*d - 1. What is s(-3)?
44
Let j(z) = 34*z**2 + 132*z + 269. What is j(-2)?
141
Let f(a) = 220*a - 171. What is f(3)?
489
Let t(q) = -66*q - 1109. Calculate t(-17).
13
Let q(h) = -72*h + 2449. Give q(34).
1
Let b(l) = 5*l - 57. Calculate b(13).
8
Let r(x) = -5*x**3 - 4*x**2 - 2*x + 43. Calculate r(3).
-134
Let z(l) = l**2 + 40*l + 400. Calculate z(-21).
1
Let f(y) = 11*y**3 + y**2 + 6*y + 10. Calculate f(-2).
-86
Let g(y) = -15*y - 234. What is g(-29)?
201
Let r(t) = 6*t + 8. Calculate r(-2).
-4
Let q(f) = -f**3 + 6*f**2 + 38*f - 134. Calculate q(4).
50
Let j(k) = k**2 - 17*k + 109. Determine j(9).
37
Let z(r) = -r**2 + 6*r + 153. Give z(22).
-199
Let m(w) = 3*w + 160. Give m(-13).
121
Let c(w) = -34*w**3 + 66*w**2 - 9*w + 19. Give c(2).
-7
Let f(q) = -2*q**3 - 9*q**2 + 10*q + 3. Calculate f(-6).
51
Let n(f) = -14*f + 358. Calculate n(25).
8
Let s(i) = 5*i**2 - 11*i - 97. Calculate s(-8).
311
Let n(u) = -157*u - 1612. Determine n(-11).
115
Let b(d) = -d**3 - 33*d**2 - 230*d. What is b(-23)?
0
Let i(z) = z**3 + 60*z**2 - 2*z - 98. Calculate i(-60).
22
Let n(b) = -b**2 - 89*b + 981. Calculate n(10).
-9
Let a(t) = -119*t + 231. Calculate a(2).
-7
Let z(n) = 2*n**3 - 11*n**2 + 1917*n - 11531. Determine z(6).
7
Let j(c) = c**2 + 61*c + 937. Calculate j(-30).
7
Let y(f) = 33*f + 2742. Calculate y(-81).
69
Let v(s) = -170*s - 19552. What is v(-115)?
-2
Let a(t) = -t**2 - 16*t - 9. Give a(-9).
54
Let y(n) = -2*n**3 + 111*n**2 + 51*n + 284. Determine y(56).
4
Let y(c) = c**3 + 225*c**2 + 249*c + 5598. Give y(-224).
-2
Let f(i) = -i**2 + 7*i - 24. Determine f(13).
-102
Let p(m) = -717*m + 9337. Determine p(13).
16
Let p(z) = 104*z - 89. Calculate p(1).
15
Let j(l) = -l**3 + 31*l**2 + 77*l - 374. Give j(33).
-11
Let f(r) = -9*r**2 + 25*r + 196. Determine f(-6).
-278
Let v(n) = -11*n + 223. Calculate v(0).
223
Let n(r) = -12*r**2 - 226*r + 15. Determine n(-19).
-23
Let r(x) = -557*x - 529. Give r(-1).
28
Let z(q) = -q**3 + 13*q**2 + 39*q - 107. Determine z(-4).
9
Let y(o) = -2*o**2 + 45*o + 673. Give y(-10).
23
Let t(n) = 534*n + 3740. Give t(-7).
2
Let z(c) = 15*c + 333. Calculate z(-27).
-72
Let s(l) = 11*l + 792. Calculate s(-73).
-11
Let p(s) = 2*s**2 - 70*s - 290. What is p(39)?
22
Let i(n) = -5*n**2 + 59*n - 86. Calculate i(12).
-98
Let w(g) = -2*g**3 + 28*g**2 + 60*g - 459. What is w(15)?
-9
Let x(t) = -25*t**3 - 2322*t**2 + 281*t + 180. Determine x(-93).
-6
Let f(i) = -152*i - 302. Determine f(-2).
2
Let m(i) = -i**2 - 24*i + 37. What is m(-23)?
60
Let n(t) = 5*t - 183. What is n(25)?
-58
Let g(s) = -158*s + 2841. Calculate g(18).
-3
Let z(x) = -3*x**2 + 41*x - 64. What is z(11)?
24
Let u(v) = -v - 170. Give u(-18).
-152
Let d(m) = 10*m**2 - 1764*m - 1765. Calculate d(-1).
9
Let g(c) = 3*c**3 - 37*c**2 - 96*c + 1297. What is g(12)?
1
Let g(y) = 29*y - 180. What is g(6)?
-6
Let s(c) = -337*c + 40093. Give s(119).
-10
Let r(i) = -956*i + 2909. Calculate r(3).
41
Let d(v) = -2*v**2 + 40*v + 146. Determine d(24).
-46
Let x(q) = 24*q**2 + 170*q - 6. Give x(-7).
-20
Let p(n) = -463*n - 2378. Give p(-5).
-63
Let p(x) = 162*x - 79. Give p(-5).
-889
Let y(h) = -h**3 + 20*h**2 - 92*h - 4. What is y(7)?
-11
Let j(p) = -17*p + 27. Determine j(2).
-7
Let k(n) = 77*n + 10. What is k(1)?
87
Let z(a) = -255*a + 3245. Calculate z(14).
-325
Let f(g) = 7*g**3 + g**2 - 4*g + 2. What is f(2)?
54
Let d(a) = -10*a**2 - 18*a - 5. Give d(-6).
-257
Let q(y) = -2988*y - 11967. Calculate q(-4).
-15
Let h(f) = -2*f**2 - 5*f + 6. Calculate h(-3).
3
Let d(v) = 6*v**2 - 61*v + 70. What is d(9)?
7
Let h(m) = -26*m + 834. Give h(6).
678
Let l(j) = -342*j + 679. Determine l(2).
-5
Let d(x) = -176*x + 4887. Calculate d(28).
-41
Let d(z) = z**3 + 20*z**2 + 30*z + 129. Give d(-19).
-80
Let v(w) = 2*w**3 - 14*w**2 + 30*w - 1263. Calculate v(11).
35
Let g(q) = -191*q + 7851. Calculate g(41).
20
Let i(a) = 195*a**3 + 3*a**2 + 11*a + 12. Determine i(-1).
-191
Let g(y) = -532*y - 66499. What is g(-125)?
1
Let f(n) = -3208*n + 89828. Give f(28).
4
Let o(r) = -r**2 - 107*r + 2362. Determine o(19).
-32
Let f(u) = -u**3 - 20*u**2 + 1199*u + 158. Calculate f(-46).
20
Let j(c) = 13*c - 85. Calculate j(4).
-33
Let b(f) = -95*f + 82. Calculate b(1).
-13
Let a(k) = -k**2 - 19*k + 619. Give a(-37).
-47
Let t(d) = -23*d - 44. Calculate t(-2).
2
Let k(f) = 2*f**3 - 135*f**2 + 1047*f + 24. Determine k(9).
-30
Let n(d) = -7*d**2 - 46*d - 182. Give n(-5).
-127
Let y(r) = -r**3 - 24*r**2 + 587*r + 82. Calculate y(-39).
4
Let d(o) = 52*o + 1135. Calculate d(-22).
-9
Let w(g) = g**3 - 4*g**2 + 304*g - 1897. What is w(6)?
-1
Let m(i) = i**3 + 14*i**2 + 44*i + 9. Calculate m(-5).
14
Let p(r) = 6*r**3 + 35*r**2 + 16. What is p(-6)?
-20
Let b(g) = -10*g - 142. Give b(-15).
8
Let w(a) = -a**2 - 54*a - 17. Calculate w(0).
-17
Let n(g) = g**2 - 73*g + 621. What is n(10)?
-9
Let u(t) = -t**3 - 29*t**2 - 96*t